et k(s) = s**2 + 0*s - 2 + s + 8*s. Let b = -7 + 6. Let f(j) = -j. Let a(h) = b*k(h) - 6*f(h). Calculate a(-4).
-2
Let i be (4/(-1))/(-2) + -2. Let j(c) = -3 - 6*c + 2 + i. Let p = 192 + -193. Determine j(p).
5
Suppose -6*g + 5*g + 4 = 0. Let u(o) be the first derivative of 1/4*o**g - 5/3*o**3 - 3*o + 2 + 1/2*o**2. Determine u(5).
2
Suppose -9*o = -o - 64. Let x(h) = h**3 - 8*h**2 - h - 4. Give x(o).
-12
Let c(s) be the first derivative of 2*s**2 + 3*s - 4. What is c(-3)?
-9
Let h be 0 + (-2 + 9)/(-1). Let j(s) = -s**3 - 8*s**2 - 6*s + 7. Determine j(h).
0
Let q(n) = -4. Let h(y) = -y - 4. Let g(i) = 4*h(i) - 3*q(i). Let p(r) = -3*r - 3. Let o(a) = -2*g(a) + 3*p(a). Determine o(-1).
0
Let h(d) = d + 1. Suppose -5*r - 32 = -3*i, -5*i + 16 = -4. Calculate h(r).
-3
Let g(u) = 2*u + u**3 - u**2 + u - 2*u. Suppose -4*z - 8 = 4*y, 0*z - 2 = -y + z. Give g(y).
0
Let d(h) = -2 + 11 + h**2 - 3 - 6*h. Suppose 6 = 2*y - 2. Determine d(y).
-2
Let q(v) = -v**3 - 148*v + 297*v - 148*v - 4*v**2 + 2. Calculate q(-4).
-2
Suppose -o - 10 = m, 3*m - 2*o = 7*m + 30. Let l(c) be the second derivative of c**4/12 + 4*c**3/3 + 7*c**2/2 + 2*c. Determine l(m).
-8
Suppose -3*p = -5*z - 37, -p - 2*p - 13 = 5*z. Let a(u) = -2*u + p - u + u + u. Give a(2).
2
Suppose 4*g - 3 = -7. Let h(i) be the third derivative of -i**7/840 + i**5/120 + i**4/12 + 2*i**2. Let t(q) be the second derivative of h(q). Determine t(g).
-2
Let o(i) = -2*i + 0*i - 1 + 2*i**2 + 4*i**2 - 7*i**2. Calculate o(-3).
-4
Let h(s) = 3*s + 3. Let l(b) = b. Let v(u) = h(u) - 4*l(u). Calculate v(-4).
7
Suppose 14 - 2 = -3*w. Let l(k) = -k**2 - 3*k + 2. What is l(w)?
-2
Let b = 150 + -150. Let w(c) = c**2. What is w(b)?
0
Let i(p) be the second derivative of -p**6/720 + p**5/30 - p**4/6 - 3*p. Let n(s) be the third derivative of i(s). Calculate n(3).
1
Suppose -4*m - m = 15. Let t(p) = p**3 + 3*p**2. What is t(m)?
0
Let k = 5 - 1. Suppose d = k*d - 36. Let w(f) = -2*f + f + d - 8. Calculate w(-5).
9
Let d(k) = -k**3 + 3*k**2 - 2*k - 3. Let o be (1 - (0 + 2/3))*9. What is d(o)?
-9
Let t be 1/2*0/3. Let l(b) = -11 - b + 8 - 2*b + t*b. What is l(-4)?
9
Let f(b) = 2*b + 3. Let d(u) = -5*u + 31. Let s(p) = p - 6. Let q(n) = -2*d(n) - 11*s(n). Let l be q(6). Determine f(l).
-1
Let x(y) be the second derivative of -y**4/6 - y**3/2 + y**2 + y. Let q(b) = 5 - b + b**2 + 0*b**2 - 7*b - b. Let g be q(8). Calculate x(g).
-7
Let i(v) = v**2 + 3*v - 3. Suppose -18 = -f - 4*u, -5*f - u = 4*u - 75. Let t = 9 - f. Determine i(t).
7
Let b(z) be the second derivative of -z**3/2 + z**2/2 - z. Give b(3).
-8
Suppose 8 - 28 = -5*k. Let n(x) = -x**2 + 4*x - 2. Let g be n(k). Let i(l) = l + l**3 + 12*l**2 - l**2 - 8*l**2 + 2 - l**2. Calculate i(g).
0
Let k be (-48)/15*5/(-1). Suppose -4*r - s = r + 1, k = 4*r + 5*s. Let m(w) = w + 1. Let o(j) = -8*j - 4. Let l(y) = r*o(y) - 3*m(y). Give l(1).
6
Let v be ((-4)/(-7))/(10/35). Let u(f) = -3 + 4*f - 8*f**2 + 9*f**v - 2. Give u(-5).
0
Let t(b) be the second derivative of b**4/12 - 2*b**3/3 + 5*b**2/2 - 5*b. Calculate t(4).
5
Let w(s) = s**2 + 3*s - 2. Let d(a) = -a**3 - a**2 + a + 28. Let o be d(0). Let z be (-8)/o + 76/(-28). Determine w(z).
-2
Let k(n) = -5 - n - 3*n + 3*n. Give k(-5).
0
Let q(g) = 8*g**2 + 8*g**2 - 10*g - 1 - 17*g**2. Calculate q(-9).
8
Let l(n) = -n**2 + 20*n - 44*n + 3 + 28*n. Let u = -6 - -11. Give l(u).
-2
Let t(h) = h**3 + 3*h**2 - 2*h + 8. Let q be t(-4). Let n(z) = z + 12. Give n(q).
12
Let v(l) be the third derivative of -l**5/60 + l**4/8 - 2*l**2. Give v(4).
-4
Let w(h) = -4*h**2 - h + 1. Let l be ((-2)/6)/(2/(-6)). Let t be w(l). Let n(i) = i**2 + 2*i - 4. Determine n(t).
4
Let y(n) = n**3 + 4*n**2 + n - 4. Let o be y(-3). Let h(p) = -p**2 - o*p - p**3 - 4*p - 10 + 6*p. Determine h(0).
-10
Let d(b) = -b**3 - 13*b**2 - 21*b + 14. Let f be d(-11). Let m(k) = k**3 - k**3 + 2*k + k**3 - 3*k**2. What is m(f)?
6
Let c(f) = -f. Let x = 15 + -15. Give c(x).
0
Let i(m) = 4*m - 7*m**2 - 3*m - 1 + 2*m + 6*m**2. Give i(3).
-1
Let q = -11 + 13. Let f(m) = 2*m**q + 4 + 0*m - 3*m - 3*m**2. What is f(-6)?
-14
Let n(h) be the second derivative of -h**5/20 + 10*h. Determine n(-1).
1
Let j(c) be the third derivative of -c**4/24 + c**3/2 + c**2. Suppose u - 9 = -1. Let d be 6/(-9) + u/12. Determine j(d).
3
Let j be (7 + -1)*(-3)/(-2). Suppose -4*i + 3 = 4*p + 7, 5*p + j = -3*i. Let n(a) = i*a - 2*a**2 - a**2 + a**3 + 2 + 0*a. Determine n(2).
2
Let a be ((-4)/(-6))/(2/(-12)). Let s(j) = -j - 8. What is s(a)?
-4
Let s(g) = g**3. Let b(v) = 4*v**3 - 7*v**2 + 2*v - 5. Let x(t) = -b(t) + 3*s(t). What is x(7)?
-9
Let l be 4/(-10) - 32/20. Let a(m) be the second derivative of m**4/6 + m**3/6 + 2*m**2 + m. Let n(f) be the first derivative of a(f). Give n(l).
-7
Suppose -6*r = -2*l - 3*r - 12, 4*r = -4*l + 16. Let o(y) = -y**2 + y + 1. What is o(l)?
1
Let s(n) = 4*n**3 + n**2 - n - 1. Let x be (2 - 0)*(-4 + 6). Suppose x*f = 5*f + 1. Calculate s(f).
-3
Let q be (2 - 0) + (-14)/(-2). Let w = q - 4. Let p(m) = -5 - 3*m + 1 + m**2 - 1. Give p(w).
5
Let g(x) = x**2 + 3*x. Let l be g(-4). Let z(w) = 1. Let m(j) = j - 9. Let v(i) = m(i) + 6*z(i). Determine v(l).
1
Let y be 3*1 + 1 + 1. Let c = y - -1. Let z(a) = -4*a - 11*a**3 + c*a**3 + 0*a**3 + 1 + 6*a**3 - a**2. Calculate z(3).
7
Let k be (-12)/(-5)*(-17 + 2). Let q be 2/12 + 6/k. Let d(a) = -a + 6. Determine d(q).
6
Let w(c) = -3*c + 7. Let i be w(4). Let l(s) = -2*s + 5. Determine l(i).
15
Let h = 11 + -8. Let a(u) = 3*u + u**2 - 2 - 4*u + u + h*u. Give a(-3).
-2
Let j(w) = 2*w**2 + 3*w - 3. Let o be 4*((-18)/(-8))/(-3). Calculate j(o).
6
Let p(k) = 4*k + 3. Let l(m) = 5*m + 3. Let f(s) = 6*l(s) - 7*p(s). Let d(n) = 3*n + 6. Let z be d(-4). Let r(v) = v**2 + 6*v + 3. Let g be r(z). What is f(g)?
3
Let p(u) = u**2 + 2*u + 2. Let j be ((-6)/(2 - 1))/2. What is p(j)?
5
Let k(r) = -r**2 + r + 2. Let c be 2/3*6/4. Let a(s) = -s**2 + 1. Let g be a(c). Give k(g).
2
Let d = -1 - -6. Suppose -7 + 1 = -f - 2*v, -f - v = -d. Let z(w) = 2*w + w - 1 - 5. Give z(f).
6
Let u(c) = -4*c + 1. Suppose 5 - 4 = -3*v + 2*l, -4*l = 4. Give u(v).
5
Let k(v) be the first derivative of -3*v**4/2 + v - 8. Determine k(1).
-5
Suppose -k - 2 = -3. Suppose -7 - k = -4*q. Let j(u) = 0*u - u + 6*u**2 - 3*u**q - 4*u**2. Determine j(-3).
-6
Let w be -2*3/6 + -1. Let f be (-27)/(-6) - w/4. Let h(s) = -4*s**2 + 5. Let m(o) = -9*o**2 - o + 10. Let k(q) = -7*h(q) + 3*m(q). Give k(f).
5
Let b(v) be the first derivative of v**3/3 + 5*v**2 + 9*v + 25. Determine b(-8).
-7
Let f(j) = -j**3 + 7*j**2 - 5*j - 6. Let b be f(6). Let y(x) = x**3 + x**2 - 4. What is y(b)?
-4
Suppose 0 = -5*c + 20 - 5. Let r = c + -1. Let v(d) = -d + d**r - 2 + 4*d + 0*d**2. Determine v(-4).
2
Let a(m) be the second derivative of -m**4/12 + m**3/6 - 6*m. Give a(1).
0
Let s(t) = 4*t + 3. Let p be s(1). Let a(b) = -b**3 + 6*b**2 + 7*b - 5. What is a(p)?
-5
Let n(a) = 2*a**2 + 2*a - 1. Suppose 0 = -3*o + c - 2, -o - 2*c + 0 - 10 = 0. Calculate n(o).
3
Suppose -3*q + 8 = -q. Suppose 3*a = q*a - 5*t + 5, 3*t - 3 = 2*a. Let x(y) = y + 2 - 9 + 1 - y**3. What is x(a)?
-6
Let w = 20 - 39/2. Let m(z) be the first derivative of 5*z + w*z**2 - 3 - 1/3*z**3. Determine m(0).
5
Let b(h) = -h**3 - 12*h**2 - 10*h + 8. Let j be b(-11). Suppose -t + 2*y + 2 = 0, t - 3*y - 2 = y. Let n(k) = -3*k**t + 0*k**3 - 1 - k**3 + 4 + 2*k. Give n(j).
-3
Let n = -5 + 4. Let y = n - -3. Let k(s) = 1 - 2*s**y + s**2 + 5. Determine k(0).
6
Let s(u) = -2 + 4*u**3 - 3*u**3 + 9*u**2 + 3*u - 4*u**2. Determine s(-4).
2
Let a(o) be the second derivative of -o**4/12 - 4*o**3/3 - 7*o**2/2 - 28*o. Calculate a(-7).
0
Let r(h) be the second derivative of h**3/6 + h**2/2 + h. Suppose 20*w = 7*w. What is r(w)?
1
Let u(t) = -9*t - 16. Let z(l) = l + 1. Suppose 3 - 2 = j. Let n(c) = 4*c + 6. Let i(h) = j*n(h) - z(h). Let a(b) = 7*i(b) + 2*u(b). Determine a(-3).
-6
Let b(m) be the second derivative of -m**5/60 + m**4/24 - m**3/3 - 2*m. Let p(u) be the second derivative of b(u). Calculate p(-2).
5
Suppose 3*l + 3*d - 15 = l, l - 13 = 4*d. Let i(s) = 2*s - 2*s + s - l. Calculate i(4).
-5
Suppose -2*f + 9 = -1. Let x(z) = z**3 - 5*z**2 + 6. Determine x(f).
6
Let w(f) = f**2 + 6*f + 5. Suppose -3*u + 0*r = -r - 22, -3*r = u - 14. Let v = u + -3. Suppose -3